{"id":291,"date":"2024-06-26T17:26:38","date_gmt":"2024-06-26T17:26:38","guid":{"rendered":"https:\/\/elisemet.fr\/?page_id=291"},"modified":"2026-05-13T09:22:37","modified_gmt":"2026-05-13T09:22:37","slug":"desert-et-danse","status":"publish","type":"page","link":"https:\/\/elisemet.fr\/?page_id=291","title":{"rendered":"D\u00e9sert et Danse"},"content":{"rendered":"\t\t<div data-elementor-type=\"wp-page\" data-elementor-id=\"291\" class=\"elementor elementor-291\">\n\t\t\t\t\t\t<section class=\"elementor-section elementor-top-section elementor-element elementor-element-bf61106 elementor-section-boxed elementor-section-height-default elementor-section-height-default wpr-particle-no wpr-jarallax-no wpr-parallax-no wpr-sticky-section-no wpr-column-slider-no wpr-equal-height-no\" data-id=\"bf61106\" data-element_type=\"section\" data-e-type=\"section\">\n\t\t\t\t\t\t<div class=\"elementor-container elementor-column-gap-default\">\n\t\t\t\t\t<div class=\"elementor-column elementor-col-100 elementor-top-column elementor-element elementor-element-7afd0e0\" data-id=\"7afd0e0\" data-element_type=\"column\" data-e-type=\"column\">\n\t\t\t<div class=\"elementor-widget-wrap elementor-element-populated\">\n\t\t\t\t\t\t<div class=\"elementor-element elementor-element-b59ee4b elementor-widget elementor-widget-text-editor\" data-id=\"b59ee4b\" data-element_type=\"widget\" data-e-type=\"widget\" data-widget_type=\"text-editor.default\">\n\t\t\t\t<div class=\"elementor-widget-container\">\n\t\t\t\t\t\t\t\t\t<h6><i><strong>Reliance<\/strong><strong> et Arts sacr\u00e9es&nbsp;<\/strong><\/i><em style=\"letter-spacing: 0px;\"><span style=\"font-weight: bolder;\">mouvement<br><\/span><\/em><span style=\"letter-spacing: 0px;\"><strong><br>Du 14 au 21 f\u00e9vrier 2027<\/strong><\/span><\/h6>\t\t\t\t\t\t\t\t<\/div>\n\t\t\t\t<\/div>\n\t\t\t\t\t<\/div>\n\t\t<\/div>\n\t\t\t\t\t<\/div>\n\t\t<\/section>\n\t\t\t\t<section class=\"elementor-section elementor-top-section elementor-element elementor-element-b4e8faf elementor-section-boxed elementor-section-height-default elementor-section-height-default wpr-particle-no wpr-jarallax-no wpr-parallax-no wpr-sticky-section-no wpr-column-slider-no wpr-equal-height-no\" data-id=\"b4e8faf\" data-element_type=\"section\" data-e-type=\"section\">\n\t\t\t\t\t\t<div class=\"elementor-container elementor-column-gap-default\">\n\t\t\t\t\t<div class=\"elementor-column elementor-col-100 elementor-top-column elementor-element elementor-element-f4f9c83\" data-id=\"f4f9c83\" data-element_type=\"column\" data-e-type=\"column\">\n\t\t\t<div class=\"elementor-widget-wrap elementor-element-populated\">\n\t\t\t\t\t\t<div class=\"elementor-element elementor-element-513c779 elementor-widget elementor-widget-text-editor\" data-id=\"513c779\" data-element_type=\"widget\" data-e-type=\"widget\" data-widget_type=\"text-editor.default\">\n\t\t\t\t<div class=\"elementor-widget-container\">\n\t\t\t\t\t\t\t\t\t<p style=\"letter-spacing: normal;\">Avec mes amis Alexandra Ruauld, kin\u00e9siologue et formatrice en Enn\u00e9agramme, et Sidahmed, nomade du Sahara, nous vous invitons sur le projet <em><strong>D\u00e9sert et Danse-Reliance<\/strong>\u00a0<\/em>du 14 au 21 f\u00e9vrier 2027.<br \/>Une semaine dans le d\u00e9sert sud-marocain, de marche avec les chameaux, et de pratique de la danse derviche et des danses de Gurdjieff.<\/p><p style=\"letter-spacing: normal;\">Une rare opportunit\u00e9 de faire l&rsquo;exp\u00e9rience de ces danses sacr\u00e9es dans ce cadre qui se pr\u00eate si bien \u00e0 une \u00e9coute int\u00e9rieure et au silence partag\u00e9.\u00a0<br \/>Le d\u00e9sert nous offre un espace et un rythme tout autre, qui nous donne la possibilit\u00e9 de nous d\u00e9pouiller de nos sch\u00e9mas habituels et de nous ouvrir \u00e0 d&rsquo;autres dimensions de notre \u00catre, tout comme ces danses nous y conduisent.<\/p>\t\t\t\t\t\t\t\t<\/div>\n\t\t\t\t<\/div>\n\t\t\t\t\t<\/div>\n\t\t<\/div>\n\t\t\t\t\t<\/div>\n\t\t<\/section>\n\t\t\t\t<section class=\"elementor-section elementor-top-section elementor-element elementor-element-5b620c4 elementor-section-boxed elementor-section-height-default elementor-section-height-default wpr-particle-no wpr-jarallax-no wpr-parallax-no wpr-sticky-section-no wpr-column-slider-no wpr-equal-height-no\" data-id=\"5b620c4\" data-element_type=\"section\" data-e-type=\"section\">\n\t\t\t\t\t\t<div class=\"elementor-container elementor-column-gap-default\">\n\t\t\t\t\t<div class=\"elementor-column elementor-col-100 elementor-top-column elementor-element elementor-element-945dfa8\" data-id=\"945dfa8\" data-element_type=\"column\" data-e-type=\"column\">\n\t\t\t<div class=\"elementor-widget-wrap elementor-element-populated\">\n\t\t\t\t\t\t<div class=\"elementor-element elementor-element-b9b212e elementor-widget elementor-widget-text-editor\" data-id=\"b9b212e\" data-element_type=\"widget\" data-e-type=\"widget\" data-widget_type=\"text-editor.default\">\n\t\t\t\t<div class=\"elementor-widget-container\">\n\t\t\t\t\t\t\t\t\t<p><iframe title=\"Danse soufie au campement - d\u00e9sert sud-maroc\" width=\"960\" height=\"540\" src=\"https:\/\/www.youtube.com\/embed\/yq5qk0Tr6oM?feature=oembed\" frameborder=\"0\" allow=\"accelerometer; autoplay; clipboard-write; encrypted-media; gyroscope; picture-in-picture; web-share\" referrerpolicy=\"strict-origin-when-cross-origin\" allowfullscreen><\/iframe><\/p>\t\t\t\t\t\t\t\t<\/div>\n\t\t\t\t<\/div>\n\t\t\t\t\t<\/div>\n\t\t<\/div>\n\t\t\t\t\t<\/div>\n\t\t<\/section>\n\t\t\t\t<section class=\"elementor-section elementor-top-section elementor-element elementor-element-5233b91 elementor-section-boxed elementor-section-height-default elementor-section-height-default wpr-particle-no wpr-jarallax-no wpr-parallax-no wpr-sticky-section-no wpr-column-slider-no wpr-equal-height-no\" data-id=\"5233b91\" data-element_type=\"section\" data-e-type=\"section\">\n\t\t\t\t\t\t<div class=\"elementor-container elementor-column-gap-default\">\n\t\t\t\t\t<div class=\"elementor-column elementor-col-25 elementor-top-column elementor-element elementor-element-ea0aac9\" data-id=\"ea0aac9\" data-element_type=\"column\" data-e-type=\"column\">\n\t\t\t<div class=\"elementor-widget-wrap\">\n\t\t\t\t\t\t\t<\/div>\n\t\t<\/div>\n\t\t\t\t<div class=\"elementor-column elementor-col-50 elementor-top-column elementor-element elementor-element-423e070\" data-id=\"423e070\" data-element_type=\"column\" data-e-type=\"column\">\n\t\t\t<div class=\"elementor-widget-wrap elementor-element-populated\">\n\t\t\t\t\t\t<div class=\"elementor-element elementor-element-cad0e4a elementor-widget elementor-widget-image\" data-id=\"cad0e4a\" data-element_type=\"widget\" data-e-type=\"widget\" data-widget_type=\"image.default\">\n\t\t\t\t<div class=\"elementor-widget-container\">\n\t\t\t\t\t\t\t\t\t\t\t\t\t\t\t<img fetchpriority=\"high\" decoding=\"async\" width=\"960\" height=\"720\" src=\"https:\/\/elisemet.fr\/wp-content\/uploads\/2024\/06\/IMG_5685-1-1024x768.jpg\" class=\"attachment-large size-large wp-image-331\" alt=\"\" srcset=\"https:\/\/elisemet.fr\/wp-content\/uploads\/2024\/06\/IMG_5685-1-1024x768.jpg 1024w, https:\/\/elisemet.fr\/wp-content\/uploads\/2024\/06\/IMG_5685-1-300x225.jpg 300w, https:\/\/elisemet.fr\/wp-content\/uploads\/2024\/06\/IMG_5685-1-768x576.jpg 768w, https:\/\/elisemet.fr\/wp-content\/uploads\/2024\/06\/IMG_5685-1-1536x1152.jpg 1536w, https:\/\/elisemet.fr\/wp-content\/uploads\/2024\/06\/IMG_5685-1-2048x1536.jpg 2048w, https:\/\/elisemet.fr\/wp-content\/uploads\/2024\/06\/IMG_5685-1-80x60.jpg 80w\" sizes=\"(max-width: 960px) 100vw, 960px\" \/>\t\t\t\t\t\t\t\t\t\t\t\t\t\t\t<\/div>\n\t\t\t\t<\/div>\n\t\t\t\t\t<\/div>\n\t\t<\/div>\n\t\t\t\t<div class=\"elementor-column elementor-col-25 elementor-top-column elementor-element elementor-element-11165b5\" data-id=\"11165b5\" data-element_type=\"column\" data-e-type=\"column\">\n\t\t\t<div class=\"elementor-widget-wrap\">\n\t\t\t\t\t\t\t<\/div>\n\t\t<\/div>\n\t\t\t\t\t<\/div>\n\t\t<\/section>\n\t\t\t\t<section class=\"elementor-section elementor-top-section elementor-element elementor-element-4ea3edd elementor-section-boxed elementor-section-height-default elementor-section-height-default wpr-particle-no wpr-jarallax-no wpr-parallax-no wpr-sticky-section-no wpr-column-slider-no wpr-equal-height-no\" data-id=\"4ea3edd\" data-element_type=\"section\" data-e-type=\"section\">\n\t\t\t\t\t\t<div class=\"elementor-container elementor-column-gap-default\">\n\t\t\t\t\t<div class=\"elementor-column elementor-col-100 elementor-top-column elementor-element elementor-element-874955d\" data-id=\"874955d\" data-element_type=\"column\" data-e-type=\"column\">\n\t\t\t<div class=\"elementor-widget-wrap elementor-element-populated\">\n\t\t\t\t\t\t<div class=\"elementor-element elementor-element-92a6864 elementor-widget elementor-widget-text-editor\" data-id=\"92a6864\" data-element_type=\"widget\" data-e-type=\"widget\" data-widget_type=\"text-editor.default\">\n\t\t\t\t<div class=\"elementor-widget-container\">\n\t\t\t\t\t\t\t\t\t<h6>Pour avoir plus d&rsquo;informations sur le voyage contacter Alexandra Ruauld :&nbsp;<br>alexandra.ruauld@gmail.com &#8211; 06 87 49 17 09<\/h6>\t\t\t\t\t\t\t\t<\/div>\n\t\t\t\t<\/div>\n\t\t\t\t\t<\/div>\n\t\t<\/div>\n\t\t\t\t\t<\/div>\n\t\t<\/section>\n\t\t\t\t<\/div>\n\t\t","protected":false},"excerpt":{"rendered":"<p>Reliance et Arts sacr\u00e9es&nbsp;mouvementDu 14 au 21 f\u00e9vrier 2027 Avec mes amis Alexandra Ruauld, kin\u00e9siologue et formatrice en Enn\u00e9agramme, et Sidahmed, nomade du Sahara, nous vous invitons sur le projet D\u00e9sert et Danse-Reliance\u00a0du 14 au 21 f\u00e9vrier 2027.Une semaine dans le d\u00e9sert sud-marocain, de marche avec les chameaux, et de pratique de la danse derviche et des danses de Gurdjieff. Une rare opportunit\u00e9 de faire l&rsquo;exp\u00e9rience de ces danses sacr\u00e9es dans ce cadre qui se pr\u00eate si bien \u00e0 une \u00e9coute int\u00e9rieure et au silence partag\u00e9.\u00a0Le d\u00e9sert nous offre un espace et un rythme tout autre, qui nous donne la possibilit\u00e9 de nous d\u00e9pouiller de nos sch\u00e9mas habituels et de nous ouvrir \u00e0 d&rsquo;autres dimensions de notre \u00catre, tout comme ces danses nous y conduisent. Pour avoir plus d&rsquo;informations sur le voyage contacter Alexandra Ruauld :&nbsp;alexandra.ruauld@gmail.com &#8211; 06 87 49 17 09<\/p>\n","protected":false},"author":3,"featured_media":0,"parent":0,"menu_order":0,"comment_status":"closed","ping_status":"closed","template":"","meta":{"footnotes":""},"class_list":["post-291","page","type-page","status-publish","hentry"],"yoast_head":"<!-- This site is optimized with the Yoast SEO plugin v27.6 - https:\/\/yoast.com\/product\/yoast-seo-wordpress\/ -->\n<title>D\u00e9sert et Danse - Elise Met<\/title>\n<meta name=\"robots\" content=\"index, follow, max-snippet:-1, max-image-preview:large, max-video-preview:-1\" \/>\n<link rel=\"canonical\" href=\"https:\/\/elisemet.fr\/?page_id=291\" \/>\n<meta property=\"og:locale\" content=\"fr_FR\" \/>\n<meta property=\"og:type\" content=\"article\" \/>\n<meta property=\"og:title\" content=\"D\u00e9sert et Danse - Elise Met\" \/>\n<meta property=\"og:description\" content=\"Reliance et Arts sacr\u00e9es&nbsp;mouvementDu 14 au 21 f\u00e9vrier 2027 Avec mes amis Alexandra Ruauld, kin\u00e9siologue et formatrice en Enn\u00e9agramme, et Sidahmed, nomade du Sahara, nous vous invitons sur le projet D\u00e9sert et Danse-Reliance\u00a0du 14 au 21 f\u00e9vrier 2027.Une semaine dans le d\u00e9sert sud-marocain, de marche avec les chameaux, et de pratique de la danse derviche et des danses de Gurdjieff. Une rare opportunit\u00e9 de faire l&rsquo;exp\u00e9rience de ces danses sacr\u00e9es dans ce cadre qui se pr\u00eate si bien \u00e0 une \u00e9coute int\u00e9rieure et au silence partag\u00e9.\u00a0Le d\u00e9sert nous offre un espace et un rythme tout autre, qui nous donne la possibilit\u00e9 de nous d\u00e9pouiller de nos sch\u00e9mas habituels et de nous ouvrir \u00e0 d&rsquo;autres dimensions de notre \u00catre, tout comme ces danses nous y conduisent. Pour avoir plus d&rsquo;informations sur le voyage contacter Alexandra Ruauld :&nbsp;alexandra.ruauld@gmail.com &#8211; 06 87 49 17 09\" \/>\n<meta property=\"og:url\" content=\"https:\/\/elisemet.fr\/?page_id=291\" \/>\n<meta property=\"og:site_name\" content=\"Elise Met\" \/>\n<meta property=\"article:modified_time\" content=\"2026-05-13T09:22:37+00:00\" \/>\n<meta property=\"og:image\" content=\"https:\/\/elisemet.fr\/wp-content\/uploads\/2024\/06\/IMG_5685-1.jpg\" \/>\n\t<meta property=\"og:image:width\" content=\"2272\" \/>\n\t<meta property=\"og:image:height\" content=\"1704\" \/>\n\t<meta property=\"og:image:type\" content=\"image\/jpeg\" \/>\n<meta name=\"twitter:card\" content=\"summary_large_image\" \/>\n<meta name=\"twitter:label1\" content=\"Dur\u00e9e de lecture estim\u00e9e\" \/>\n\t<meta name=\"twitter:data1\" content=\"1 minute\" \/>\n<script type=\"application\/ld+json\" class=\"yoast-schema-graph\">{\"@context\":\"https:\\\/\\\/schema.org\",\"@graph\":[{\"@type\":\"WebPage\",\"@id\":\"https:\\\/\\\/elisemet.fr\\\/?page_id=291\",\"url\":\"https:\\\/\\\/elisemet.fr\\\/?page_id=291\",\"name\":\"D\u00e9sert et Danse - Elise Met\",\"isPartOf\":{\"@id\":\"https:\\\/\\\/elisemet.fr\\\/#website\"},\"primaryImageOfPage\":{\"@id\":\"https:\\\/\\\/elisemet.fr\\\/?page_id=291#primaryimage\"},\"image\":{\"@id\":\"https:\\\/\\\/elisemet.fr\\\/?page_id=291#primaryimage\"},\"thumbnailUrl\":\"https:\\\/\\\/elisemet.fr\\\/wp-content\\\/uploads\\\/2024\\\/06\\\/IMG_5685-1-1024x768.jpg\",\"datePublished\":\"2024-06-26T17:26:38+00:00\",\"dateModified\":\"2026-05-13T09:22:37+00:00\",\"breadcrumb\":{\"@id\":\"https:\\\/\\\/elisemet.fr\\\/?page_id=291#breadcrumb\"},\"inLanguage\":\"fr-FR\",\"potentialAction\":[{\"@type\":\"ReadAction\",\"target\":[\"https:\\\/\\\/elisemet.fr\\\/?page_id=291\"]}]},{\"@type\":\"ImageObject\",\"inLanguage\":\"fr-FR\",\"@id\":\"https:\\\/\\\/elisemet.fr\\\/?page_id=291#primaryimage\",\"url\":\"https:\\\/\\\/elisemet.fr\\\/wp-content\\\/uploads\\\/2024\\\/06\\\/IMG_5685-1.jpg\",\"contentUrl\":\"https:\\\/\\\/elisemet.fr\\\/wp-content\\\/uploads\\\/2024\\\/06\\\/IMG_5685-1.jpg\",\"width\":2272,\"height\":1704},{\"@type\":\"BreadcrumbList\",\"@id\":\"https:\\\/\\\/elisemet.fr\\\/?page_id=291#breadcrumb\",\"itemListElement\":[{\"@type\":\"ListItem\",\"position\":1,\"name\":\"Accueil\",\"item\":\"https:\\\/\\\/elisemet.fr\\\/\"},{\"@type\":\"ListItem\",\"position\":2,\"name\":\"D\u00e9sert et Danse\"}]},{\"@type\":\"WebSite\",\"@id\":\"https:\\\/\\\/elisemet.fr\\\/#website\",\"url\":\"https:\\\/\\\/elisemet.fr\\\/\",\"name\":\"Elise Met\",\"description\":\"Arts du mouvement &amp; Pratiques somatiques\",\"publisher\":{\"@id\":\"https:\\\/\\\/elisemet.fr\\\/#organization\"},\"potentialAction\":[{\"@type\":\"SearchAction\",\"target\":{\"@type\":\"EntryPoint\",\"urlTemplate\":\"https:\\\/\\\/elisemet.fr\\\/?s={search_term_string}\"},\"query-input\":{\"@type\":\"PropertyValueSpecification\",\"valueRequired\":true,\"valueName\":\"search_term_string\"}}],\"inLanguage\":\"fr-FR\"},{\"@type\":\"Organization\",\"@id\":\"https:\\\/\\\/elisemet.fr\\\/#organization\",\"name\":\"Elise Met\",\"url\":\"https:\\\/\\\/elisemet.fr\\\/\",\"logo\":{\"@type\":\"ImageObject\",\"inLanguage\":\"fr-FR\",\"@id\":\"https:\\\/\\\/elisemet.fr\\\/#\\\/schema\\\/logo\\\/image\\\/\",\"url\":\"https:\\\/\\\/elisemet.fr\\\/wp-content\\\/uploads\\\/2024\\\/09\\\/Logo_EM_2-1.png\",\"contentUrl\":\"https:\\\/\\\/elisemet.fr\\\/wp-content\\\/uploads\\\/2024\\\/09\\\/Logo_EM_2-1.png\",\"width\":844,\"height\":646,\"caption\":\"Elise Met\"},\"image\":{\"@id\":\"https:\\\/\\\/elisemet.fr\\\/#\\\/schema\\\/logo\\\/image\\\/\"}}]}<\/script>\n<!-- \/ Yoast SEO plugin. -->","yoast_head_json":{"title":"D\u00e9sert et Danse - Elise Met","robots":{"index":"index","follow":"follow","max-snippet":"max-snippet:-1","max-image-preview":"max-image-preview:large","max-video-preview":"max-video-preview:-1"},"canonical":"https:\/\/elisemet.fr\/?page_id=291","og_locale":"fr_FR","og_type":"article","og_title":"D\u00e9sert et Danse - Elise Met","og_description":"Reliance et Arts sacr\u00e9es&nbsp;mouvementDu 14 au 21 f\u00e9vrier 2027 Avec mes amis Alexandra Ruauld, kin\u00e9siologue et formatrice en Enn\u00e9agramme, et Sidahmed, nomade du Sahara, nous vous invitons sur le projet D\u00e9sert et Danse-Reliance\u00a0du 14 au 21 f\u00e9vrier 2027.Une semaine dans le d\u00e9sert sud-marocain, de marche avec les chameaux, et de pratique de la danse derviche et des danses de Gurdjieff. Une rare opportunit\u00e9 de faire l&rsquo;exp\u00e9rience de ces danses sacr\u00e9es dans ce cadre qui se pr\u00eate si bien \u00e0 une \u00e9coute int\u00e9rieure et au silence partag\u00e9.\u00a0Le d\u00e9sert nous offre un espace et un rythme tout autre, qui nous donne la possibilit\u00e9 de nous d\u00e9pouiller de nos sch\u00e9mas habituels et de nous ouvrir \u00e0 d&rsquo;autres dimensions de notre \u00catre, tout comme ces danses nous y conduisent. Pour avoir plus d&rsquo;informations sur le voyage contacter Alexandra Ruauld :&nbsp;alexandra.ruauld@gmail.com &#8211; 06 87 49 17 09","og_url":"https:\/\/elisemet.fr\/?page_id=291","og_site_name":"Elise Met","article_modified_time":"2026-05-13T09:22:37+00:00","og_image":[{"width":2272,"height":1704,"url":"https:\/\/elisemet.fr\/wp-content\/uploads\/2024\/06\/IMG_5685-1.jpg","type":"image\/jpeg"}],"twitter_card":"summary_large_image","twitter_misc":{"Dur\u00e9e de lecture estim\u00e9e":"1 minute"},"schema":{"@context":"https:\/\/schema.org","@graph":[{"@type":"WebPage","@id":"https:\/\/elisemet.fr\/?page_id=291","url":"https:\/\/elisemet.fr\/?page_id=291","name":"D\u00e9sert et Danse - Elise Met","isPartOf":{"@id":"https:\/\/elisemet.fr\/#website"},"primaryImageOfPage":{"@id":"https:\/\/elisemet.fr\/?page_id=291#primaryimage"},"image":{"@id":"https:\/\/elisemet.fr\/?page_id=291#primaryimage"},"thumbnailUrl":"https:\/\/elisemet.fr\/wp-content\/uploads\/2024\/06\/IMG_5685-1-1024x768.jpg","datePublished":"2024-06-26T17:26:38+00:00","dateModified":"2026-05-13T09:22:37+00:00","breadcrumb":{"@id":"https:\/\/elisemet.fr\/?page_id=291#breadcrumb"},"inLanguage":"fr-FR","potentialAction":[{"@type":"ReadAction","target":["https:\/\/elisemet.fr\/?page_id=291"]}]},{"@type":"ImageObject","inLanguage":"fr-FR","@id":"https:\/\/elisemet.fr\/?page_id=291#primaryimage","url":"https:\/\/elisemet.fr\/wp-content\/uploads\/2024\/06\/IMG_5685-1.jpg","contentUrl":"https:\/\/elisemet.fr\/wp-content\/uploads\/2024\/06\/IMG_5685-1.jpg","width":2272,"height":1704},{"@type":"BreadcrumbList","@id":"https:\/\/elisemet.fr\/?page_id=291#breadcrumb","itemListElement":[{"@type":"ListItem","position":1,"name":"Accueil","item":"https:\/\/elisemet.fr\/"},{"@type":"ListItem","position":2,"name":"D\u00e9sert et Danse"}]},{"@type":"WebSite","@id":"https:\/\/elisemet.fr\/#website","url":"https:\/\/elisemet.fr\/","name":"Elise Met","description":"Arts du mouvement &amp; Pratiques somatiques","publisher":{"@id":"https:\/\/elisemet.fr\/#organization"},"potentialAction":[{"@type":"SearchAction","target":{"@type":"EntryPoint","urlTemplate":"https:\/\/elisemet.fr\/?s={search_term_string}"},"query-input":{"@type":"PropertyValueSpecification","valueRequired":true,"valueName":"search_term_string"}}],"inLanguage":"fr-FR"},{"@type":"Organization","@id":"https:\/\/elisemet.fr\/#organization","name":"Elise Met","url":"https:\/\/elisemet.fr\/","logo":{"@type":"ImageObject","inLanguage":"fr-FR","@id":"https:\/\/elisemet.fr\/#\/schema\/logo\/image\/","url":"https:\/\/elisemet.fr\/wp-content\/uploads\/2024\/09\/Logo_EM_2-1.png","contentUrl":"https:\/\/elisemet.fr\/wp-content\/uploads\/2024\/09\/Logo_EM_2-1.png","width":844,"height":646,"caption":"Elise Met"},"image":{"@id":"https:\/\/elisemet.fr\/#\/schema\/logo\/image\/"}}]}},"acf":[],"_links":{"self":[{"href":"https:\/\/elisemet.fr\/index.php?rest_route=\/wp\/v2\/pages\/291","targetHints":{"allow":["GET"]}}],"collection":[{"href":"https:\/\/elisemet.fr\/index.php?rest_route=\/wp\/v2\/pages"}],"about":[{"href":"https:\/\/elisemet.fr\/index.php?rest_route=\/wp\/v2\/types\/page"}],"author":[{"embeddable":true,"href":"https:\/\/elisemet.fr\/index.php?rest_route=\/wp\/v2\/users\/3"}],"replies":[{"embeddable":true,"href":"https:\/\/elisemet.fr\/index.php?rest_route=%2Fwp%2Fv2%2Fcomments&post=291"}],"version-history":[{"count":61,"href":"https:\/\/elisemet.fr\/index.php?rest_route=\/wp\/v2\/pages\/291\/revisions"}],"predecessor-version":[{"id":2044,"href":"https:\/\/elisemet.fr\/index.php?rest_route=\/wp\/v2\/pages\/291\/revisions\/2044"}],"wp:attachment":[{"href":"https:\/\/elisemet.fr\/index.php?rest_route=%2Fwp%2Fv2%2Fmedia&parent=291"}],"curies":[{"name":"wp","href":"https:\/\/api.w.org\/{rel}","templated":true}]}}